-6 + (2 - -9))
-8
What is the value of -5 - (-1 - (-3 + 6)) - (13 + -9)?
-5
Evaluate (19 - 23 - (-14 + 0) - 3) + -14.
-7
What is 33 + 0 + -348 + 347?
32
Evaluate 6 - (-3 + 6 + -8 + 7 + -2).
6
Calculate -20 + 12 - (2 + 4 + -8 - 19).
13
Calculate (2 + 11 - 6) + -1 - 15.
-9
-49 + 32 + (-28 - -24)
-21
What is 22 + 2 + -9 - -4?
19
Evaluate 3 + 5 + (24 - (-7 + 10 - -9)).
20
(-3 + 0 - -4) + (8 - 7 - 9)
-7
(24 + -19 - -4) + (-2 - -2) + 8
17
Evaluate -313 + 309 - (-10 + 1).
5
Evaluate 2 - (-6 - 0 - (20 + -24) - 10).
14
(1 - 3) + 27 + 5 + -15 + -1
14
What is the value of (-19 - (-3 + 5)) + 18?
-3
Calculate (-2 - -4) + (20 - 9) + (-1 - 0).
12
(2 - (-13 + 3)) + -11 - (-1 - -6)
-4
What is the value of -6 - (-4 + 1 + -7 + -1) - 0?
5
What is the value of 20 - 12 - (-2 - -3)?
7
Calculate 46 + -17 + -53 - -41.
17
What is -14 + 1 + (-13 - -4) + 6?
-16
Calculate (10 - -7 - 9) + (3 - 12 - -1).
0
What is the value of 10 - 1 - (8 + -9 + 18)?
-8
What is the value of -4 + (7 - 9 - (-3 + -3 + 4))?
-4
Calculate -5 + (10 + -8 - -6).
3
Evaluate 13 - -3 - (-4 + 37).
-17
Evaluate -12 + 11 + (8 - (5 - -1)).
1
Evaluate 0 + 3 + -12 + (-15 - -28).
4
What is the value of (6 - 0) + 8 + 6 + (-25 - -7)?
2
What is 17 - (13 - 6 - 4)?
14
What is -10 + (31 - -5) - 21?
5
Calculate 23 - (173 - 188 - (-12 - 0)).
26
What is (-16 - (-2 - 2)) + 1 + (0 - -3)?
-8
-8 + (-1 - 11) + (53 - 44)
-11
What is -3 + (13 - ((6 - -1) + -6)) + 5?
14
Calculate -20 - ((-7 - -5) + -4 + -1 + 2).
-15
Evaluate 10 - ((0 - -5) + 12) - (4 - 16).
5
What is 5 + 1 - (-13 + 0 + -8 + 36)?
-9
6 + (6 - 5) + -12 + 26 - 2
19
(8 - 26 - -5) + (8 - -5)
0
What is the value of (2 - 5 - 5) + (15 - (8 + -8))?
7
Calculate 1 - (-8 + 23 + 6 + -5).
-15
Calculate (78 - 86) + 9 + -8.
-7
Calculate 4 - (110 + -118 - (-3 + 3 + -5)).
7
-7 + -7 + 6 + -15
-23
Evaluate -10 + -4 + (-16 - (-10 - -4)) + 17.
-7
What is -3 - (3 - (-5 + -1 + (-29 - -37)))?
-4
What is 4 - (5 + 2 - (14 + -11))?
0
Evaluate -11 + 11 + -3 + -1 - (-9 - -13).
-8
Calculate -12 - (13 - 21 - 3) - -7.
6
Evaluate -3 + 1 + (44 - 36 - (-2 - -3)).
5
Evaluate 2 + -5 + (-20 + 3 - 2).
-22
-1 - -13 - (291 + -281)
2
What is the value of 17 - ((6 - 6) + 2)?
15
What is 12 - (31 - (-4 + 13))?
-10
Evaluate 12 + (-28 - -7) - 8.
-17
What is (7 - (-3 - 4)) + -28 + 15?
1
What is the value of -36 + (-20 - -13) - -20?
-23
Evaluate -2 - (6 - -8) - -5 - -6.
-5
What is the value of 1 - ((10 - 13) + -8 + 17)?
-5
Evaluate -15 + -6 - -17 - -33.
29
What is the value of 326 + -307 - (1 + -2 - 14)?
34
Evaluate (-2 - -8) + 0 - (-2282 + 2272).
16
What is the value of 16 - 21 - 1 - (1 + -5)?
-2
-31 + -16 + -2 - (-13 - 8)
-28
Calculate (-1 - -1) + (3 + -1 - (14 + -9)).
-3
What is the value of (19 - -2 - -1) + 186 + -194?
14
0 - (-6 - (-11 + 7 + -12 + 11))
1
-1 - (5 + -8 + 13)
-11
0 - -16 - (20 + -10)
6
What is 256 - 261 - (3 + -5 + -9)?
6
What is 1 - (4 - 2) - (-4 + 0 - -1)?
2
What is 9 + -16 - (-11 + 4 - 3)?
3
Calculate 10 + -7 + 13 + -8 + 0 + -3.
5
Evaluate -4 - (-7 + 39 + -18).
-18
What is the value of ((-17 - -11) + 10 - 16) + -4?
-16
Evaluate 4 + (1 + 1 - (32 - 38)).
12
(6 - -11) + -5 + 1
13
Calculate 5 + -1 + 12 + -18.
-2
(1 - 14) + 34 - 4
17
What is (12 - 12) + -12 + 16?
4
What is the value of 7 + 1 - (372 - 354)?
-10
What is -3 - (-6 + (-5 + 6 - 4) - 3)?
9
What is the value of (0 - 17) + -3 + 8?
-12
What is the value of -3 - (-26 - -21) - (-2 + -6 + -2)?
12
Evaluate -30 + 48 + -16 - (0 - -8).
-6
-13 + 19 - 19 - -21
8
-7 - (15 - (20 - 1))
-3
What is the value of 2 + 3 + (6 - 7) + 6 + -14?
-4
-1 - (-20 - (-23 + 18))
14
What is (-106 - -98) + (-7 - 2)?
-17
Calculate (18 - 14 - -8) + (1 - 0) + -1.
12
Calculate -10 - (1 + (10 - (-4 + 16)) + 3).
-12
What is the value of -25 + 6 + 10 + 2 + -7?
-14
Calculate -12 + (52 - (20 + 7)).
13
11 - (1 + 17 + -21)
14
What is (-27 - -10) + -7 + 17 - (-1 - 33)?
27
Calculate -2 - (-7 - (4 + -7 - (-7 - -6))).
3
What is the value of 0 + 23 + 0 - 22?
1
Evaluate -13 + 10 + 16 + -8 + (4 - -1).
10
Evaluate 39 + -63 + 22 + 11.
9
Evaluate (-24 - (-7 + -3)) + 2 + 1.
-11
(1 - 21) + (31 - (-8 - -20))
-1
What is the value of 1 - -1 - (30 - 33 - 22)?
27
What is the value of 10 - (-5 + -14 + 7 + 4)?
18
Calculate -23 - (-10 + (18 - -4 - 20)).
-15
Calculate 19 - 28 - (0 + -8 + 1) - -3.
1
(-5 - -11 - 1) + 2 + -6 - 2
-1
(9 - 6) + -13 + 13
3
Evaluate 2 + (0 - 0) + -153 + 143.
-8
(-22 - -1) + (3 - 8 - -11)
-15
What is 58 + -25 + 31 + -32?
32
(-19 - -15) + (30 - 12)
14
-6 - (16 - (38 + -10))
6
Calculate 113 + -148 - (-5 + 6 - 2).
-34
Calculate -88 + 94 + -1 + (-1 - -1) + 11.
16
Calculate 2 - ((5 + -7 - 7 - -17) + -11).
5
13 - (2 + 21 + -3)
-7
What is the value of 11 + 1 + -2 + -7 + -2?
1
What is the value of 11 + -10 - (-1 - -4 - -1)?
-3
23 + (16 - (11 - -13))
15
Calculate 4 - -7 - (-7 - -30).
-12
What is the value of (1 + 2 - (13 - (10 - 8))) + 16?
8
Calculate (-1 + -10 - (-30 - (26 - 51))) + -17.
-23
What is the value of -1 + 4 + 10 + -10 - (0 + 0)?
3
Calculate 2 + (2 - (-6 + 7)) - (0 - -13).
-10
What is (-3 - (-9 - -2) - 3) + (5 - 16)?
-10
What is -33 - (3 + -23 + 14)?
-27
Evaluate -11 - (-5 - (-13 - -27)).
8
Evaluate -885 + 891 - (-2 - -2).
6
What is 11 + (-12 - (16 - (1 - -3)))?
-13
What is 14 + -14 + (-17 - 1) + 3?
-15
What is the value of 9 + -8 + 18 - 42?
-23
Evaluate (-1 - -1) + (5 - (-9 + 8) - 18).
-12
What is -22 + (14 - 10) - -28?
10
5 + (-24 - -11 - -6)
-2
What is -14 - -8 - (-5 + (-11 - 6) - -4)?
12
15 + -8 - 42 - -18
-17
(0 - -4) + -6 - (14 + 0 - 11)
-5
Evaluate -7 + (24 - 9) + (6 - 0).
14
What is (-1 - 4) + 17 + -17 + -12?
-17
What is 0 - (17 + (-26 - -17) - (-5 - 1))?
-14
-15 - (23 + -11) - (5 - (-3 + 14))
-21
Evaluate (8 + -8 + 1 - 19) + 4 - 6.
-20
What is the value of (14 - ((-3 - 2) + 9)) + -93 + 55?
-28
(68 - 71) + (-3 - 1 - 0)
-7
Evaluate (5 - 23) + (-8 - -11).
-15
(8 - (8 - (4 - -4))) + -8
0
Evaluate 1 + -43 + (-29 - 14) + 55.
-30
What is the value of (-4 - 5 - -12 - -5) + 0 + 6?
14
Calculate -15 + -15 + 9 + 14.
-7
What is the value of -1 + 1 + (-12 - -13 - 25)?
-24
Evaluate 1 - (-12 + 15 - (14 - 1)).
11
What is -25 - -11 - -14 - (2 - -5)?
-7
-24 + (-8 + (-12 - -26 - 8) - 7)
-33
Evaluate 0 - (7 - (-90 + 81 + (1 - 18))).
-33
Evaluate 0 + -3 - (-8 - -18).
-13
Evaluate -3 + (22 - 20) + -3.
-4
Calculate 7 + 4 + -6 - (0 + -1).
6
Evaluate (1 - (6 - (41 + -7))) + -7.
22
Calculate 33 - (38 + (-14 - 1)).
10
Evaluate (12 - -1 - 1) + -1151 + 1162.
23
4 + (4 + -21 + -9 - -11)
-11
4 + 4 + -13 - -3
-2
What is the value of -23 - -8 - 8 - -25?
2
What is -9 + ((4 - 4) + 5 - (6 - -2))?
-12
What is the value of -17 + (-15 - 12) + 22?
-22
What is (5 - 15) + -1 + 53 + -38?
4
What is the value of 9 - (0 + 0 - (52 - 64))?
-3
Calculate (1 - 4) + (15 - 9) + 0.
3
(372 + -356 - (0 + 16)) + 1 + 17
18
What is -3 + (3 - -3) - (24 - 2)?
-19
What is the value of (0 - -7) + (0 + -13 - (1 + -1))?
-6
-5 - 1 - (71 - (65 - 8))
-20
Calculate -3 + (4 + 1 - -2) + -18.
-14
What is -1 + 1 + (-1 - 7 - -8)?
0
Calculate -1 + (9 + -7 + -3 - -2).
0
What is 30 - 24 - (2 - 4)?
8
-29 - (-65 - (-13 - 14))
9
Calculate 11 + (-3 - (31 - 11)).
-12
What is -7 + 2 + -1 + 5?
-1
What is 16 - 2 - (-39 - -29)?
24
What is 17 - (-5 + 8) - (2 - (-4 - -3))?
11
What is (9 - 6 - 5) + (0 - (-13 - -8))?
3
Evaluate 9 + (11 - 15) + (-1 - 3).
1
Calculate 23 - 2 - 22 - -23.
22
-2 + 0 + (20 - 7)
11
Calculate -59 - (-73 - (0 - 36)).
-22
Calculate (94 - 71) + (1 - 21).
3
What is ((9 - 11) + 11 - 31) + 5?
-17
-25 + 34 - -9 - -2
20
What is (-35 + 3 - -24) + -8?
-16
What is the value of -17 + 9 + 52 - 10 - 11?
23
What is -30 + 35 + 10 + -29?
-14
What is the value of 3 + 2 - (-94 + 91)?
8
Calculate (-15 + 7 - -11) + (1 - -1) - 14.
-9
Evaluate -1 + (6 - -13 - 8).
10
Evaluate -24 + (15 + -25 - -19) + 40.
25
What is 5 + -4 + (32 - 28) - 2?
3
Evaluate -8 + (6 - (-1 - 0)) - 7.
-8
What is 2 + (6 - (9 - 9)) + -1?
7
What is -8 + (7 - (1 + -6 + (16 - 23)))?
11
What is (6 - -1) + -1 - (2 - -9)?
-5
11 + (6 - (-2 - -4 - -8)) + 7
14
Evaluate -1 - (-15 - (-2 + -6 + 4)).
10
What is -2 - (2 + (-24 - -8))?
12
Evaluate -10 + 8 + 5 + -3 + -4.
-4
Evaluate (-56 - -34 - 12) + 8.
-26
What is the value of 19 - 20 - (-4 + 13) - (-11 + 1)?
0
Evaluate -4 - ((-1 + 4 - 11) + 10).
-6
-11 + -10 + 10 + (4 - -13) - -25
31
Calculate (4 - -1) + (10 + -22 + 22 - 10).
5
-13 + 3 